hat is the highest common divisor of 98 and 49?
49
What is the greatest common divisor of 21290 and 10?
10
Calculate the greatest common divisor of 88 and 1012.
44
Calculate the greatest common divisor of 7 and 1057.
7
What is the greatest common factor of 2765 and 35?
35
Calculate the greatest common divisor of 10 and 9375.
5
What is the greatest common factor of 2622 and 2346?
138
Calculate the highest common divisor of 154 and 224.
14
Calculate the highest common divisor of 459 and 13617.
153
Calculate the greatest common divisor of 224 and 64.
32
Calculate the highest common factor of 57023 and 127.
127
What is the greatest common factor of 46 and 28?
2
What is the greatest common factor of 30 and 3615?
15
What is the highest common divisor of 208 and 52?
52
What is the highest common factor of 280 and 168?
56
Calculate the greatest common factor of 798 and 2142.
42
What is the greatest common divisor of 36 and 22416?
12
Calculate the highest common factor of 988 and 364.
52
Calculate the highest common divisor of 35 and 45.
5
What is the highest common factor of 46 and 10?
2
What is the greatest common factor of 2 and 178?
2
What is the greatest common factor of 5 and 3305?
5
What is the highest common factor of 1798 and 58?
58
What is the greatest common divisor of 231 and 308?
77
Calculate the highest common factor of 470 and 50.
10
What is the highest common factor of 1088 and 646?
34
Calculate the greatest common factor of 224 and 1596.
28
What is the greatest common divisor of 116 and 290?
58
Calculate the greatest common divisor of 5790 and 20.
10
What is the greatest common factor of 32 and 296?
8
Calculate the highest common factor of 118 and 1475.
59
What is the highest common factor of 1608 and 8?
8
What is the greatest common factor of 168 and 63?
21
Calculate the highest common factor of 231 and 189.
21
Calculate the highest common factor of 47 and 1034.
47
Calculate the highest common divisor of 175 and 280.
35
What is the highest common divisor of 5 and 80?
5
Calculate the highest common divisor of 272 and 323.
17
What is the highest common divisor of 49 and 1568?
49
Calculate the greatest common factor of 1332 and 36.
36
What is the greatest common factor of 70 and 11592?
14
Calculate the greatest common divisor of 3619 and 141.
47
Calculate the highest common divisor of 66 and 12056.
22
What is the greatest common factor of 22 and 10681?
11
What is the greatest common divisor of 5 and 565?
5
What is the greatest common factor of 3290 and 42?
14
Calculate the greatest common factor of 3384 and 48.
24
Calculate the highest common divisor of 115 and 23.
23
What is the highest common factor of 45 and 165?
15
Calculate the highest common factor of 62 and 186.
62
Calculate the highest common factor of 7020 and 39.
39
What is the highest common divisor of 198 and 2052?
18
Calculate the greatest common divisor of 15 and 240.
15
Calculate the greatest common factor of 3441 and 93.
93
What is the greatest common divisor of 1406 and 37?
37
Calculate the highest common divisor of 192 and 2400.
96
Calculate the greatest common divisor of 84 and 1596.
84
Calculate the greatest common factor of 121 and 11.
11
What is the highest common factor of 80 and 12?
4
What is the highest common factor of 28 and 9478?
14
What is the greatest common divisor of 528 and 462?
66
Calculate the highest common factor of 3367 and 111.
37
Calculate the greatest common factor of 295 and 177.
59
Calculate the highest common factor of 224 and 385.
7
What is the greatest common factor of 1526 and 406?
14
What is the highest common factor of 162 and 6426?
54
Calculate the highest common divisor of 2541 and 147.
21
What is the greatest common factor of 4230 and 585?
45
What is the greatest common factor of 539 and 77?
77
Calculate the greatest common divisor of 3232 and 101.
101
Calculate the greatest common divisor of 1092 and 413.
7
Calculate the highest common divisor of 27 and 2133.
27
Calculate the highest common factor of 36 and 522.
18
What is the greatest common factor of 240 and 210?
30
What is the highest common factor of 253 and 1219?
23
What is the greatest common factor of 507 and 78?
39
What is the greatest common factor of 27372 and 36?
12
What is the highest common factor of 1248 and 78?
78
Calculate the greatest common divisor of 784 and 21.
7
What is the greatest common divisor of 168 and 2076?
12
What is the greatest common divisor of 7180 and 20?
20
What is the highest common divisor of 145 and 87?
29
What is the highest common divisor of 12 and 564?
12
What is the highest common divisor of 90 and 1770?
30
Calculate the highest common divisor of 1176 and 7.
7
What is the greatest common divisor of 209 and 19?
19
What is the highest common divisor of 357 and 255?
51
Calculate the highest common factor of 58 and 145.
29
What is the greatest common divisor of 1472 and 851?
23
What is the greatest common divisor of 4 and 448?
4
What is the highest common factor of 475 and 625?
25
What is the greatest common divisor of 670 and 10?
10
What is the greatest common divisor of 1 and 5370?
1
Calculate the greatest common divisor of 126 and 2142.
126
What is the greatest common factor of 26 and 1872?
26
What is the greatest common divisor of 40 and 1008?
8
What is the highest common divisor of 287 and 41?
41
What is the highest common factor of 4102 and 140?
14
What is the highest common divisor of 7227 and 99?
99
What is the highest common divisor of 264 and 33?
33
Calculate the highest common divisor of 220 and 1276.
44
Calculate the greatest common divisor of 42 and 6594.
42
Calculate the greatest common divisor of 15 and 2715.
15
What is the greatest common divisor of 4239 and 81?
27
What is the greatest common factor of 3405 and 75?
15
What is the highest common divisor of 342 and 18?
18
What is the highest common factor of 774 and 360?
18
What is the greatest common factor of 159 and 1272?
159
Calculate the greatest common factor of 5825 and 50.
25
What is the greatest common divisor of 390 and 102?
6
What is the greatest common factor of 16 and 464?
16
What is the greatest common factor of 12 and 402?
6
What is the highest common divisor of 245 and 315?
35
What is the greatest common factor of 3575 and 1144?
143
What is the greatest common factor of 72 and 171?
9
What is the greatest common factor of 17511 and 39?
39
What is the highest common factor of 35 and 161?
7
Calculate the greatest common factor of 204 and 3332.
68
Calculate the greatest common divisor of 135 and 621.
27
Calculate the highest common factor of 464 and 16.
16
What is the highest common factor of 27 and 1605?
3
What is the greatest common divisor of 93 and 775?
31
Calculate the greatest common factor of 18 and 657.
9
What is the highest common factor of 81 and 1?
1
Calculate the greatest common divisor of 26 and 3497.
13
Calculate the greatest common factor of 285 and 5.
5
Calculate the greatest common divisor of 18 and 27.
9
What is the greatest common divisor of 1314 and 730?
146
What is the highest common divisor of 30 and 20?
10
What is the highest common factor of 222 and 962?
74
Calculate the highest common divisor of 85 and 15.
5
What is the greatest common factor of 1558 and 1102?
38
Calculate the highest common divisor of 6001 and 353.
353
What is the greatest common divisor of 24 and 264?
24
What is the highest common divisor of 476 and 68?
68
What is the highest common factor of 126 and 1582?
14
Calculate the greatest common factor of 12425 and 700.
175
Calculate the highest common divisor of 12 and 39.
3
What is the highest common divisor of 999 and 407?
37
What is the greatest common divisor of 980 and 98?
98
What is the greatest common factor of 234 and 104?
26
What is the highest common factor of 1236 and 12?
12
Calculate the greatest common factor of 1469 and 13.
13
What is the greatest common divisor of 10 and 350?
10
Calculate the greatest common factor of 885 and 30.
15
What is the greatest common factor of 30 and 170?
10
What is the greatest common divisor of 26 and 195?
13
Calculate the greatest common divisor of 9635 and 235.
235
What is the highest common divisor of 168 and 24?
24
Calculate the greatest common divisor of 3008 and 2444.
188
What is t